 hundreds digit of 6575657?
6
What is the thousands digit of 4829513?
9
What is the ten thousands digit of 58677?
5
What is the thousands digit of 71709?
1
What is the hundreds digit of 247120?
1
What is the hundred thousands digit of 331575?
3
What is the thousands digit of 2157235?
7
What is the units digit of 5618028?
8
What is the hundred thousands digit of 1659676?
6
What is the hundred thousands digit of 106900?
1
What is the ten thousands digit of 10886662?
8
What is the tens digit of 987502?
0
What is the hundred thousands digit of 2483920?
4
What is the hundred thousands digit of 6002387?
0
What is the hundreds digit of 544923?
9
What is the tens digit of 300162?
6
What is the ten thousands digit of 3161129?
6
What is the units digit of 2026012?
2
What is the units digit of 10120809?
9
What is the tens digit of 309078?
7
What is the hundred thousands digit of 1838902?
8
What is the ten thousands digit of 738520?
3
What is the millions digit of 2385090?
2
What is the thousands digit of 781778?
1
What is the hundreds digit of 2776196?
1
What is the thousands digit of 551873?
1
What is the millions digit of 3719026?
3
What is the ten thousands digit of 7434783?
3
What is the ten thousands digit of 4155393?
5
What is the thousands digit of 1361318?
1
What is the hundreds digit of 3535536?
5
What is the hundreds digit of 487267?
2
What is the tens digit of 641716?
1
What is the hundred thousands digit of 704382?
7
What is the thousands digit of 2486910?
6
What is the hundreds digit of 275026?
0
What is the hundreds digit of 22450177?
1
What is the thousands digit of 226995?
6
What is the hundreds digit of 867666?
6
What is the ten thousands digit of 260986?
6
What is the millions digit of 1624101?
1
What is the thousands digit of 316536?
6
What is the tens digit of 512294?
9
What is the hundred thousands digit of 1122508?
1
What is the tens digit of 1417424?
2
What is the millions digit of 31245601?
1
What is the ten thousands digit of 477070?
7
What is the tens digit of 193838?
3
What is the ten thousands digit of 170271?
7
What is the hundreds digit of 601487?
4
What is the millions digit of 1343074?
1
What is the units digit of 996372?
2
What is the millions digit of 1196298?
1
What is the units digit of 268958?
8
What is the units digit of 250830?
0
What is the ten thousands digit of 479361?
7
What is the hundred thousands digit of 1566956?
5
What is the ten thousands digit of 9683352?
8
What is the units digit of 1444263?
3
What is the hundred thousands digit of 164522?
1
What is the tens digit of 750457?
5
What is the units digit of 350113?
3
What is the thousands digit of 108495?
8
What is the hundreds digit of 2240592?
5
What is the units digit of 24169198?
8
What is the hundred thousands digit of 1045032?
0
What is the hundreds digit of 792940?
9
What is the hundred thousands digit of 325230?
3
What is the hundreds digit of 315312?
3
What is the ten thousands digit of 24613164?
1
What is the tens digit of 476483?
8
What is the hundreds digit of 858801?
8
What is the hundred thousands digit of 2670536?
6
What is the units digit of 21491342?
2
What is the hundred thousands digit of 10601428?
6
What is the tens digit of 6272?
7
What is the ten thousands digit of 515877?
1
What is the hundreds digit of 1038602?
6
What is the hundreds digit of 348965?
9
What is the hundred thousands digit of 1451799?
4
What is the units digit of 15075983?
3
What is the ten thousands digit of 629705?
2
What is the thousands digit of 1433482?
3
What is the tens digit of 176142?
4
What is the units digit of 282180?
0
What is the units digit of 612314?
4
What is the hundreds digit of 415651?
6
What is the units digit of 203789?
9
What is the hundreds digit of 178992?
9
What is the tens digit of 7639?
3
What is the units digit of 18288284?
4
What is the hundreds digit of 206771?
7
What is the thousands digit of 3424779?
4
What is the ten millions digit of 12188567?
1
What is the thousands digit of 3135027?
5
What is the ten thousands digit of 2625280?
2
What is the ten thousands digit of 18410640?
1
What is the hundreds digit of 197757?
7
What is the millions digit of 27972118?
7
What is the hundreds digit of 9926552?
5
What is the units digit of 253838?
8
What is the tens digit of 482138?
3
What is the thousands digit of 2549524?
9
What is the units digit of 302489?
9
What is the hundred thousands digit of 1569805?
5
What is the hundreds digit of 241148?
1
What is the tens digit of 1049152?
5
What is the hundreds digit of 533618?
6
What is the millions digit of 4636566?
4
What is the units digit of 175271?
1
What is the millions digit of 1981023?
1
What is the hundreds digit of 518012?
0
What is the millions digit of 1474949?
1
What is the units digit of 8284286?
6
What is the hundreds digit of 3954481?
4
What is the units digit of 545688?
8
What is the tens digit of 2000627?
2
What is the units digit of 2048960?
0
What is the ten thousands digit of 123751?
2
What is the hundreds digit of 18873589?
5
What is the units digit of 5341008?
8
What is the thousands digit of 13436446?
6
What is the units digit of 2952332?
2
What is the hundreds digit of 5759845?
8
What is the millions digit of 1462592?
1
What is the millions digit of 15531366?
5
What is the hundreds digit of 1927645?
6
What is the units digit of 72283?
3
What is the tens digit of 7518691?
9
What is the hundreds digit of 38845?
8
What is the tens digit of 4538854?
5
What is the thousands digit of 5801283?
1
What is the thousands digit of 873537?
3
What is the hundred thousands digit of 1751115?
7
What is the hundreds digit of 322968?
9
What is the units digit of 14421017?
7
What is the tens digit of 312324?
2
What is the hundreds digit of 177182?
1
What is the millions digit of 5981209?
5
What is the ten thousands digit of 216253?
1
What is the thousands digit of 85519?
5
What is the thousands digit of 67886?
7
What is the thousands digit of 136923?
6
What is the thousands digit of 68086?
8
What is the hundred thousands digit of 1941940?
9
What is the hundreds digit of 6890615?
6
What is the tens digit of 16147489?
8
What is the millions digit of 4522991?
4
What is the tens digit of 53551?
5
What is the hundred thousands digit of 300153?
3
What is the tens digit of 2189000?
0
What is the hundreds digit of 25418899?
8
What is the hundred thousands digit of 597164?
5
What is the units digit of 147394?
4
What is the hundreds digit of 1903260?
2
What is the hundreds digit of 847526?
5
What is the ten thousands digit of 1207465?
0
What is the units digit of 521528?
8
What is the ten thousands digit of 5384235?
8
What is the ten thousands digit of 9747454?
4
What is the units digit of 9935439?
9
What is the millions digit of 1952075?
1
What is the hundreds digit of 395915?
9
What is the thousands digit of 6009884?
9
What is the hundreds digit of 1284560?
5
What is the tens digit of 106928?
2
What is the hundreds digit of 579953?
9
What is the units digit of 123558?
8
What is the thousands digit of 1063444?
3
What is the millions digit of 14559656?
4
What is the units digit of 3473551?
1
What is the ten thousands digit of 151141?
5
What is the units digit of 16631262?
2
What is the ten thousands digit of 6542927?
4
What is the hundreds digit of 546501?
5
What is the ten thousands digit of 93586?
9
What is the hundred thousands digit of 7600803?
6
What is the tens digit of 163797?
9
What is the units digit of 284097?
7
What is the tens digit of 5323?
2
What is the hundreds digit of 2096016?
0
What is the units digit of 125353?
3
What is the hundreds digit of 278102?
1
What is the thousands digit of 7218813?
8
What is the ten millions digit of 26284715?
2
What is the ten thousands digit of 17583866?
8
What is the hundreds digit of 29203946?
9
What is the millions digit of 22523056?
2
What is the hundreds digit of 368666?
6
What is the units digit of 25305888?
8
What is the thousands digit of 8777931?
7
What is the tens digit of 217985?
8
What is the ten thousands digit of 13766045?
6
What is the tens digit of 496519?
1
What is the ten thousands digit of 282212?
8
What is the thousands digit of 1846505?
6
What is the millions digit of 2802831?
2
What is the hundred thousands digit of 1674126?
6
What is